ose 6*z + s = 8*z. Let l(c) = -c - 2. Give l(z).
-8
Let c(a) = -a**2 + 8*a - 10. Suppose 5*d - k - 1418 = 0, 5*k = 3*d - 8*d + 1430. Let n = d - 278. Give c(n).
2
Let x(q) = -4*q - 23799 - 23809 + 47655. Determine x(8).
15
Suppose -20 = -5*k + 5*u, -u = k - 5*k + 10. Suppose -2*b = 2*w + 2, -5*w + k*w = 4*b - 1. Let o be 40/w - (1 - 3). Let q(y) = y + 8. Give q(o).
2
Suppose 0 = m - 7, 328*m = -4*y + 327*m + 23. Let g(r) be the second derivative of -7/2*r**2 + 1/12*r**y + 26*r + 5/6*r**3 + 0. Determine g(-6).
-1
Let w(f) = 33*f + 1850. Let k be w(-56). Let b(j) be the second derivative of 0 + 3/2*j**k + 1/12*j**4 - 2/3*j**3 + 26*j. What is b(3)?
0
Let v(r) = -r**3 + 7*r**2 + 14*r + 35. Suppose 5*o + h = 44, -2*o - 6*h + 24 = -12*h. Calculate v(o).
-1
Let v(c) be the third derivative of -c**5/10 + c**4/4 - 7*c**3/6 - 289*c**2 - 3*c. Give v(2).
-19
Suppose 5*w - 491*k = -492*k - 71, w + 2*k + 16 = 0. Let i(m) = m + 20. Calculate i(w).
6
Let a(n) be the first derivative of 13*n**2/2 + 3*n + 3528. Calculate a(6).
81
Let p(x) be the first derivative of -x**5/60 - x**4/12 - 2*x**3/3 + 10*x**2 + 17. Let c(n) be the second derivative of p(n). What is c(4)?
-28
Let a(y) = 11*y**2 - 25*y - 54. Let d be a(-3). Let w be (6/15)/((-112)/d - -1). Let o(f) = -f**3 + 5*f**2 + 4*f + 4. Give o(w).
-8
Let x(o) = o**3 + 8*o**2 - 9*o + 4. Let v be x(-9). Let z(y) = 2*y + v*y - 4 + 2*y. Let b(g) = 5*g - 22. Let c be b(5). Determine z(c).
20
Let m(u) = 0*u**2 - 4*u + 4*u**2 - u**3 - 3*u**2 + 5 + 4*u**2. Let q be ((-195)/143)/((-87)/319). Determine m(q).
-15
Suppose 5*d = 4*d - 3. Let s(o) = o**3 - 15*o**2 + 55*o + 9. Let b be s(7). Let g(x) = -x**b + 6 - 145*x - 10 + 0*x**2 + 143*x. Determine g(d).
-7
Suppose -9*l = 4*o - 10*l - 11, o - 5*l + 2 = 0. Let j(m) = -3*m**2 + 0*m**2 + m**o - 3*m**2 - 31*m + 24*m. Let s = 24 + -17. Determine j(s).
0
Let x(j) = -4*j + 3 - 10*j + 13*j. Let y(o) = 54*o + 1348. Let a be y(-25). Give x(a).
5
Let b(n) = 12*n**3 + n**2 - 1. Let j = -611 + 616. Suppose -5*r + 4*r - 4*l - 15 = 0, j*r + 5*l = -15. What is b(r)?
12
Suppose 15*q + 5 = -12*k + 10*q, -4*q = 4. Let h(o) = o**3 + 5*o**2 + 11*o + 2. Determine h(k).
2
Let j = -95 - -98. Suppose -3*m = -i + 244 + 36, j*m = -5*i + 1310. Let x(g) = -1 + 537*g**2 - i*g**2 - 271*g**2 + 4*g. What is x(-3)?
-4
Let j(o) = o**2 - 8*o - 2. Let l = 17916 - 17916. What is j(l)?
-2
Let y(h) = -2*h + 56. Let a = -18024 - -18048. What is y(a)?
8
Suppose 5*q - 228 = q. Let b = q + -52. Let m(f) = 2*f - b*f**2 - 6 + 9*f**2 - 5*f - 3*f**2. Calculate m(5).
4
Let u(t) = t**2 - 2*t - 3. Suppose 23 = 3*l - j, 5*j - 1 = -2*l + 3. Suppose -q = -5*k + 29, -k - 8 = 5*q + l. Calculate u(k).
12
Let h(i) = -4*i + 7. Let l(k) = 8*k - 14. Let c(p) = -7*h(p) - 4*l(p). What is c(-11)?
51
Let m(l) = -25*l. Let k = -275 - -280. Let d(s) = -2*s. Let u(w) = k*d(w) - m(w). Let i be 2/(0 - (0 - 2)). What is u(i)?
15
Let t = 4536 - 4501. Let m(k) = 4*k - 144. Determine m(t).
-4
Let q(c) = -c**3 - 3*c**2 + c + 3. Let a(n) = -n**2. Let j(l) = 6*a(l) - q(l). Let w = -85781 - -85784. Determine j(w).
-6
Let t(i) = i**2 + 2*i - 10. Let q(j) = -j**2 + 20*j - 88. Let v be q(9). Suppose 9*z + v*z + 140 = 0. Give t(z).
25
Let k(c) = -20*c**2 - 23*c - 268 - 2*c**2 + 114 + 167 - c**3. Calculate k(-21).
55
Let j(s) = -86 + 4*s - 6*s + 2*s + 87 - s. Suppose -b - 6 = -3*b. Calculate j(b).
-2
Let l(h) = -9 - 22*h + 23 - 2 - 31 - 14. Determine l(-2).
11
Let y be (-55)/(-495) - 215/(-9). Let d(u) = u**2 - 24*u - 51. What is d(y)?
-51
Let k(l) = -l**2 + 6*l - 7. Let r(j) = -5*j**2 + 31*j - 35. Let c(o) = -11*k(o) + 2*r(o). Let u = -6759 + 6762. What is c(u)?
4
Let x be (-23)/299 + 8292/(-26). Let z = -315 - x. Let s(r) = -r**3 + 5*r**2 + 4*r - 4. Give s(z).
28
Suppose 2*r + 4 = 2*d, -2*r = -3*d - r + 8. Let c(z) = 0*z**d - 3*z**2 - 1 + 52*z + 2*z**3 - 54*z - 3*z**3. Determine c(-3).
5
Let b(r) be the third derivative of 23*r**4/12 - 14*r**3 - 824*r**2. Determine b(2).
8
Let c(n) be the third derivative of 61*n**4/24 + n**3/2 - 93*n**2 - 6. What is c(1)?
64
Let r(b) be the third derivative of -b**4/8 + b**3/3 - b**2 - 181*b - 2. Suppose 0*w + 2 = w. Give r(w).
-4
Let r(o) = 145*o**3 - 10*o**2 + 39*o - 33. Let w(a) = 169*a**3 - 9*a**2 + 39*a - 37. Let q(u) = 7*r(u) - 6*w(u). Give q(13).
-9
Let n(a) be the second derivative of -a**4/6 + a**3/3 - a**2/2 - 3*a + 262. Let u = 13 - 25. Let h = u - -14. Determine n(h).
-5
Let r(n) be the third derivative of n**6/120 + n**5/60 - n**4/12 + n**3 - 52*n**2 + 27*n. Calculate r(2).
14
Let t(b) = -2*b - 87. Let n(q) = -q**3 - 82*q**2 - 240*q - 257. Let y be n(-79). What is t(y)?
-47
Let j(f) = -f**2 - 54*f + 293. Let q be j(-59). Let n(g) = g + 23. Let u(l) = -3*l - 76. Let r(k) = q*u(k) - 7*n(k). Give r(-7).
-2
Let w(z) be the first derivative of -3*z**2 + 6*z + 4011. What is w(0)?
6
Suppose -6*k + 2176 = 1792. Let s(c) = -9*c - 127*c**2 - 3 + 2 + 64*c**2 - 2 + k*c**2. Determine s(9).
-3
Let r(i) be the second derivative of -1/60*i**5 + 9*i - 1/24*i**4 - 2*i**2 + 1/120*i**6 + 0 - 2*i**3. Let m(l) be the first derivative of r(l). Calculate m(0).
-12
Let f = -9088 + 9105. Let g(x) = x**2 - 18*x + 6. Determine g(f).
-11
Suppose 5*u + 64*r - 63*r = 170, 3*u - 4*r - 79 = 0. Let p(w) = 3*w - 98. Give p(u).
1
Let q(z) be the first derivative of z**2/2 - 5*z + 3. Let o be (1 - 6)*(-24)/10. Give q(o).
7
Let n(h) = h**3 - 3*h**2 + h + 2. Let a be n(3). Suppose -a*v + 3*v = -6. Let t(w) = 5*w**3 - 7*w**3 - 11*w + 9*w + 6*w**2 + v*w**3. Give t(-6).
12
Let l(k) = 9*k - 14. Let m be ((-280)/(-196))/(2 + (-36)/21). What is l(m)?
31
Let v(o) = o**3 - 2*o**2 + 1. Let r = 288 - 288. Give v(r).
1
Let b(u) = u**3 + 3*u**2 - 10*u - 7. Let j be ((-128)/(-72))/(-4) + (-41)/9. Give b(j).
-7
Suppose 57 + 21 = v + 5*t, 306 = 5*v + 4*t. Suppose 51*m - v*m = 7. Let b(q) = -10*q. Calculate b(m).
10
Let g(a) = -15*a + 7. Suppose -4*w = -49*w + 360. Determine g(w).
-113
Let s(p) = -p + 10. Let d(k) = -13*k + 14. Let y(v) = -d(v) + 2*s(v). Determine y(-1).
-5
Let d(j) = 28*j + 2*j - 8*j + 8*j. Suppose 0 = 5*q - 4*v + 15, 8*q - 4*q + 5*v - 29 = 0. Give d(q).
30
Let d(b) = 2*b**3 + 29*b**2 + 52*b - 2. Let m be (-6)/4 + ((-810)/(-36))/(-45). What is d(m)?
-6
Let i be (29 + -27)/((-2)/3*-1). Let y(l) = -4*l + l**i + 5023 - 5022 - 3*l**2 + 0*l**2. Determine y(4).
1
Let f(p) be the second derivative of -p**5/20 + 5*p**4/4 - 19*p**3/6 + 63*p**2/2 + 3946*p. What is f(14)?
-7
Let s = 299 + -241. Suppose s*x + 1 = 57*x. Let w(t) = -5*t**3 + t**2 + 2*t + 2. Determine w(x).
6
Let b(z) be the third derivative of 1/12*z**4 + 2*z**2 + 2/3*z**3 - 48 + 0*z. Determine b(-3).
-2
Suppose -1293 - 167 = -367*i + 2*i. Let c(a) = -a**3 - 5*a**2 + 14. Determine c(i).
-130
Let v(r) be the third derivative of -r**5/120 + 19*r**4/24 - 17*r**3/2 - 82*r**2. Let w(i) be the first derivative of v(i). What is w(13)?
6
Let x(h) = 2*h - 1 + 38*h**2 - 9*h**2 + 24*h**2 + 0 - 13*h**2. What is x(1)?
41
Let d(q) = 3*q**2 + 3*q + 1. Let v = 43 + -12. Suppose r + v = 15. Let f be 32/r*1/1. Give d(f).
7
Let j(u) = 4*u + 3. Let x(t) = 28*t + 17. Let p(i) = 8*j(i) - x(i). Give p(-14).
-49
Let h(c) = -4*c - 1198. Let u(m) = 7*m + 3619. Let y(w) = 11*h(w) + 4*u(w). Give y(81).
2
Let f(i) be the third derivative of i**5/30 + i**4/24 - i**3/6 + 845*i**2. Suppose 0 = -3*l - 5 + 14. What is f(l)?
20
Let r(m) = m**2 - 14*m + 17. Let g = 2856 + -2845. Calculate r(g).
-16
Let a(b) be the first derivative of -b**2 - 7*b - 345. Suppose -g + 0 + 2 = 0. Suppose 2*h + 2*v = -8, -22 = g*h + 2*v - 7*v. Determine a(h).
5
Let p(g) = g**3 + 13*g**2 + 5*g - 2. Let c(v) = -v**3 - 3*v**2 - 2*v. Let m(j) = 2*c(j) + p(j). Give m(5).
53
Suppose 29*v + 10*v = 78. Let x(a) = -2*a**3 - a**2 + a + 1. Let y(o) = -3*o**3 - 5*o**2 - 2*o + 3. Let l(p) = v*x(p) - y(p). What is l(4)?
-1
Let b(t) = -t**3 - 6*t**2 - 7*t - 3. Let h be (-19 + 24)*((-22)/(-10) + 1). Suppose h*j - 13*j = -5*o, 0 = j - 5*o + 20. Calculate b(j).
7
Let r(j) = 3*j + 28. Let c be (560/(-105))/((-72)/81). Give r(c).
46
Let p(l) be the second derivative of l**5/20 - l**4/12 - 5*l**2/2 + 6206*l. What is p(2)?
-1
Let x(v) = -2*v**2 + 123*v - 3. Let y(c) = c**2 - 57*c + 2. Let u(w) = 5*x(w) + 11*y(w). Suppose 0 = 2*r + 6 - 30. What is u(r)?
7
Let m(h